{"id":11,"date":"2019-05-21T16:38:36","date_gmt":"2019-05-21T16:38:36","guid":{"rendered":"https:\/\/thomas-galster.de\/?page_id=11"},"modified":"2022-10-24T14:08:41","modified_gmt":"2022-10-24T14:08:41","slug":"startseite","status":"publish","type":"page","link":"https:\/\/thomas-galster.de\/","title":{"rendered":"Startseite"},"content":{"rendered":"<section id=\"section-7-11\" class=\" ct-section\" ><div class=\"ct-section-inner-wrap\"><h1 id=\"headline-2-11\" class=\"ct-headline\">Mit Reiki und Energiearbeit zu mehr Wohlbefinden<\/h1><div id=\"text_block-4-11\" class=\"ct-text-block\" ><div style=\"text-align: center;\"><b>Unser Alltag steckt meist voller Herausforderungen. <\/b>Nervosit\u00e4t, Muskelverspannungen und chronische Schmerzen sind nur ein paar der daraus resultierenden Folgen. Mit den sanften Methoden der Kinesiologie, des Reikis und der Cranio-Sacralen-K\u00f6rperarbeit helfe ich Ihnen dabei, Ihre Aufgaben zu meistern.<\/div><\/div><div id=\"text_block-10-11\" class=\"ct-text-block\" ><div style=\"text-align: center;\"><div style=\"text-align: center;\">Als Dipl. Kinesiologe und Reiki-Meister&nbsp;unterst\u00fctze ich Sie dabei Ihr inneres Gleichgewicht wiederzufinden, die Selbstheilungskr\u00e4fte des K\u00f6rpers zu aktivieren, die t\u00e4glichen Herausforderungen des Alltags besser zu meistern und in nachhaltige Entspannung zu kommen.&nbsp;<\/div><div style=\"text-align: center;\"><br><\/div><div style=\"text-align: center;\">Durch den Druck der t\u00e4glich auf unseren Schultern lastet, werden chronische Schmerzen, Verdauungsprobleme, Muskelverspannungen, Nervosit\u00e4t aber auch Konzentrationsschwierigkeiten immer h\u00e4ufiger.&nbsp;<\/div><\/div><\/div><div id=\"text_block-15-11\" class=\"ct-text-block\" ><div style=\"text-align: center;\"><div style=\"text-align: left;\"><\/div><b>Die sanften Methoden der Cranio-Sacralen-K\u00f6rperarbeit, der Kinesiologie sowie des Reikis k\u00f6nnen hier nachhaltig positive Ergebnisse erzielen und Ihre Gesundheit langfristig f\u00f6rdern. Gleichzeitig k\u00f6nnen Beziehungsstrukturen harmonisch gestaltet werden.<\/b><div style=\"text-align: left;\"><\/div><\/div><\/div><\/div><\/section><section id=\"section-19-11\" class=\" ct-section\" ><div class=\"ct-section-inner-wrap\"><h1 id=\"headline-21-11\" class=\"ct-headline\">Gerne berate ich Sie in einem pers\u00f6nlichen Gespr\u00e4ch zu Ihren <br>individuellen M\u00f6glichkeiten.<br><\/h1><div id=\"text_block-30-11\" class=\"ct-text-block\" ><div style=\"text-align: center;\">Thomas Galster Reiki Meister, Dipl. Kinesiologe &amp; Dipl. Cranio-Sacral-Praktiker<\/div><\/div><\/div><\/section><div id=\"div_block-43-11\" class=\"ct-div-block\" ><img  id=\"image-18-11\" alt=\"\" src=\"https:\/\/thomas-galster.de\/wp-content\/uploads\/2019\/05\/2AdobeStock_145253755.jpg\" class=\"ct-image\"\/><\/div><section id=\"section-35-11\" class=\" ct-section\" ><div class=\"ct-section-inner-wrap\"><div id=\"new_columns-49-11\" class=\"ct-new-columns\" ><\/div><\/div><\/section><section id=\"section-116-11\" class=\" ct-section\" ><div class=\"ct-section-inner-wrap\"><h1 id=\"headline-117-11\" class=\"ct-headline\">Auch f\u00fcr Tiere kann die entspannende Reiki-Technik viel bewirken und so manche Probleme l\u00f6sen. <br><\/h1><div id=\"text_block-118-11\" class=\"ct-text-block\" ><div style=\"text-align: center;\">Thomas Galster Reiki Meister, Dipl. Kinesiologe &amp; Dipl. Cranio-Sacral-Praktiker<\/div><\/div><\/div><\/section><section id=\"section-88-11\" class=\" ct-section\" ><div class=\"ct-section-inner-wrap\"><div id=\"new_columns-74-11\" class=\"ct-new-columns\" ><div id=\"div_block-75-11\" class=\"ct-div-block\" ><img  id=\"image-86-11\" alt=\"Thomas Galster\" src=\"https:\/\/thomas-galster.de\/wp-content\/uploads\/2019\/05\/GalsterThomas02.jpg\" class=\"ct-image\"\/><\/div><div id=\"div_block-76-11\" class=\"ct-div-block\" ><h1 id=\"headline-77-11\" class=\"ct-headline\">\u00dcber mich<\/h1><div id=\"text_block-37-11\" class=\"ct-text-block\" ><div style=\"text-align: center;\"><div style=\"text-align: center;\">Als Dipl. Kinesiologe und Reiki-Meister<\/div><div style=\"text-align: center;\">unterst\u00fctze ich Sie dabei Ihr inneres Gleichgewicht wiederzufinden, die Selbstheilungskr\u00e4fte des K\u00f6rpers zu aktivieren, die t\u00e4glichen Herausforderungen des Alltags besser zu meistern und in nachhaltige Entspannung zu kommen.<\/div><\/div><\/div><\/div><\/div><h1 id=\"headline-94-11\" class=\"ct-headline\">Ich freue mich von Ihnen zu h\u00f6ren ...<\/h1><div id=\"new_columns-98-11\" class=\"ct-new-columns\" ><div id=\"div_block-99-11\" class=\"ct-div-block\" ><h1 id=\"headline-109-11\" class=\"ct-headline\"><div style=\"text-align: center;\"><span style=\"font-family: inherit;\">Thomas Galster<br>Therapeutische Praxis <br><\/span><\/div><\/h1><div id=\"text_block-102-11\" class=\"ct-text-block\" ><div style=\"text-align: center;\"><div style=\"text-align: center;\"><\/div>M\u00fcnchener Stra\u00dfe 17 - &nbsp;83395 Freilassing<br>Tel.: +49 8654 67614 | Mobil: +43 699 19246193<br>E-Mail: praxis.galster@gmail.com<br><br>&nbsp;Mitglied im Berufsverband ProReiki<div style=\"text-align: center;\"><\/div><\/div><\/div><img  id=\"image-112-11\" alt=\"\" src=\"https:\/\/thomas-galster.de\/wp-content\/uploads\/2019\/05\/ProReiki_Logo.gif\" class=\"ct-image\"\/><div id=\"text_block-115-11\" class=\"ct-text-block\" ><div style=\"text-align: center;\"><div style=\"text-align: center;\"><\/div><b>\u00d6ffnungszeiten und Termine nach telefonischer Vereinbarung. Nach Absprache sind auch au\u00dfer Haus Termine jederzeit m\u00f6glich.<\/b><\/div><\/div><\/div><div id=\"div_block-100-11\" class=\"ct-div-block\" ><div id=\"shortcode-114-11\" class=\"ct-shortcode\" >\n<div class=\"wpcf7 no-js\" id=\"wpcf7-f18-o1\" lang=\"de-DE\" dir=\"ltr\">\n<div class=\"screen-reader-response\"><p role=\"status\" aria-live=\"polite\" aria-atomic=\"true\"><\/p> <ul><\/ul><\/div>\n<form action=\"\/index.php?rest_route=%2Fwp%2Fv2%2Fpages%2F11#wpcf7-f18-o1\" method=\"post\" class=\"wpcf7-form init\" aria-label=\"Kontaktformular\" novalidate=\"novalidate\" data-status=\"init\">\n<div style=\"display: none;\">\n<input type=\"hidden\" name=\"_wpcf7\" value=\"18\" \/>\n<input type=\"hidden\" name=\"_wpcf7_version\" value=\"5.7.7\" \/>\n<input type=\"hidden\" name=\"_wpcf7_locale\" value=\"de_DE\" \/>\n<input type=\"hidden\" name=\"_wpcf7_unit_tag\" value=\"wpcf7-f18-o1\" \/>\n<input type=\"hidden\" name=\"_wpcf7_container_post\" value=\"0\" \/>\n<input type=\"hidden\" name=\"_wpcf7_posted_data_hash\" value=\"\" \/>\n<\/div>\n<p><label> Dein Name (Pflichtfeld)<br \/>\n<span class=\"wpcf7-form-control-wrap\" data-name=\"your-name\"><input size=\"40\" class=\"wpcf7-form-control wpcf7-text wpcf7-validates-as-required\" aria-required=\"true\" aria-invalid=\"false\" value=\"\" type=\"text\" name=\"your-name\" \/><\/span> <\/label>\n<\/p>\n<p><label> Deine E-Mail-Adresse (Pflichtfeld)<br \/>\n<span class=\"wpcf7-form-control-wrap\" data-name=\"your-email\"><input size=\"40\" class=\"wpcf7-form-control wpcf7-text wpcf7-email wpcf7-validates-as-required wpcf7-validates-as-email\" aria-required=\"true\" aria-invalid=\"false\" value=\"\" type=\"email\" name=\"your-email\" \/><\/span> <\/label>\n<\/p>\n<p><label> Betreff<br \/>\n<span class=\"wpcf7-form-control-wrap\" data-name=\"your-subject\"><input size=\"40\" class=\"wpcf7-form-control wpcf7-text\" aria-invalid=\"false\" value=\"\" type=\"text\" name=\"your-subject\" \/><\/span> <\/label>\n<\/p>\n<p><label> Deine Nachricht<br \/>\n<span class=\"wpcf7-form-control-wrap\" data-name=\"your-message\"><textarea cols=\"40\" rows=\"10\" class=\"wpcf7-form-control wpcf7-textarea\" aria-invalid=\"false\" name=\"your-message\"><\/textarea><\/span> <\/label>\n<\/p>\n<p><span class=\"wpcf7-form-control-wrap\" data-name=\"dsgvo\"><span class=\"wpcf7-form-control wpcf7-acceptance\"><span class=\"wpcf7-list-item\"><label><input type=\"checkbox\" name=\"dsgvo\" value=\"1\" aria-invalid=\"false\" \/><span class=\"wpcf7-list-item-label\">Dieses Formular speichert deinen Namen, deine Email Adresse sowie den Inhalt, damit wir deine Anfrage bearbeiten k\u00f6nnen. Weitere Informationen findest du auf unserer Seite der <a href=\"https:\/\/thomas-galster.de\/?page_id=25\" target=\"_blank\">Datenschutzbestimmungen<\/a>.<\/span><\/label><\/span><\/span><\/span>\n<\/p>\n<p><input class=\"wpcf7-form-control has-spinner wpcf7-submit\" type=\"submit\" value=\"Senden\" \/>\n<\/p><div class=\"wpcf7-response-output\" aria-hidden=\"true\"><\/div>\n<\/form>\n<\/div>\n<\/div><\/div><\/div><\/div><\/section><section id=\"section-89-11\" class=\" ct-section\" ><div class=\"ct-section-inner-wrap\"><h1 id=\"headline-90-11\" class=\"ct-headline\">Preise<br><\/h1><div id=\"text_block-91-11\" class=\"ct-text-block\" ><div style=\"text-align: center;\"><b>Einzelsitzung 50 bis 70 Minuten<\/b> \u2013 70 Euro pro Sitzung<\/div>* bei F\u00f6rdermitgliedschaft im ProReiki-Berufsverband e.V. (Jahresbeitrag 25 Euro) profitieren Sie von 10 Euro Ersparnis und zahlen pro Sitzung nur 60 Euro.<br><br>Sie haben Fragen oder m\u00f6chten Ihre Sitzungen lieber als Paket buchen? Dann erstelle ich gerne ein individuelles Angebot f\u00fcr Sie. Nehmen Sie hierf\u00fcr jederzeit gerne telefonisch oder per E-Mail Kontakt mit mir auf.<\/div><\/div><\/section><section id=\"section-134-11\" class=\" ct-section\" ><div class=\"ct-section-inner-wrap\"><\/div><\/section>","protected":false},"excerpt":{"rendered":"","protected":false},"author":2,"featured_media":0,"parent":0,"menu_order":0,"comment_status":"closed","ping_status":"closed","template":"","meta":[],"_links":{"self":[{"href":"https:\/\/thomas-galster.de\/index.php?rest_route=\/wp\/v2\/pages\/11"}],"collection":[{"href":"https:\/\/thomas-galster.de\/index.php?rest_route=\/wp\/v2\/pages"}],"about":[{"href":"https:\/\/thomas-galster.de\/index.php?rest_route=\/wp\/v2\/types\/page"}],"author":[{"embeddable":true,"href":"https:\/\/thomas-galster.de\/index.php?rest_route=\/wp\/v2\/users\/2"}],"replies":[{"embeddable":true,"href":"https:\/\/thomas-galster.de\/index.php?rest_route=%2Fwp%2Fv2%2Fcomments&post=11"}],"version-history":[{"count":7,"href":"https:\/\/thomas-galster.de\/index.php?rest_route=\/wp\/v2\/pages\/11\/revisions"}],"predecessor-version":[{"id":67,"href":"https:\/\/thomas-galster.de\/index.php?rest_route=\/wp\/v2\/pages\/11\/revisions\/67"}],"wp:attachment":[{"href":"https:\/\/thomas-galster.de\/index.php?rest_route=%2Fwp%2Fv2%2Fmedia&parent=11"}],"curies":[{"name":"wp","href":"https:\/\/api.w.org\/{rel}","templated":true}]}}